{"id":64,"date":"2017-06-02T13:58:08","date_gmt":"2017-06-02T11:58:08","guid":{"rendered":"http:\/\/physiologie.envt.fr\/masterpharmaco\/?page_id=64"},"modified":"2017-06-07T14:54:46","modified_gmt":"2017-06-07T12:54:46","slug":"renseignements-pratiques","status":"publish","type":"page","link":"https:\/\/physiologie.envt.fr\/masterpharmaco\/renseignements-pratiques\/","title":{"rendered":"Renseignements pratiques"},"content":{"rendered":"<div>Localisation des sites d&rsquo;enseignement<\/div>\n<ul>\n<li><a href=\"http:\/\/www.pharmacie.ups-tlse.fr\/\">Facult\u00e9 de Pharmacie<\/a><br \/>\n<a href=\"http:\/\/www.medecine.ups-tlse.fr\/presentation\/plans\/purpan\/plan.html\">Facult\u00e9 de M\u00e9decine de Purpan<\/a><br \/>\n<a title=\"Ecole Nationale V\u00e9t\u00e9rinaire de Toulouse\" href=\"https:\/\/physiologie.envt.fr\/masterpharmaco\/ecole-nationale-veterinaire-de-toulouse\/\">Ecole Nationale V\u00e9t\u00e9rinaire de Toulouse<\/a><\/li>\n<\/ul>\n<div>Contr\u00f4les des connaissances &lt;strong&gt;&lt;\/strong&gt;<\/div>\n<ul>\n<li><a title=\"Annales\" href=\"https:\/\/physiologie.envt.fr\/masterpharmaco\/annales\/\">Annales<\/a><\/li>\n<li><a title=\"Parcours D.U.\" href=\"https:\/\/physiologie.envt.fr\/masterpharmaco\/parcours-d-u\/\">Parcours D.U.<\/a><\/li>\n<\/ul>\n","protected":false},"excerpt":{"rendered":"<p>Localisation des sites d&rsquo;enseignement Facult\u00e9 de Pharmacie Facult\u00e9 de M\u00e9decine de Purpan Ecole Nationale V\u00e9t\u00e9rinaire de Toulouse Contr\u00f4les des connaissances &lt;strong&gt;&lt;\/strong&gt; Annales Parcours D.U.<\/p>\n","protected":false},"author":1,"featured_media":0,"parent":0,"menu_order":0,"comment_status":"closed","ping_status":"closed","template":"","meta":{"footnotes":""},"class_list":["post-64","page","type-page","status-publish","hentry"],"_links":{"self":[{"href":"https:\/\/physiologie.envt.fr\/masterpharmaco\/wp-json\/wp\/v2\/pages\/64","targetHints":{"allow":["GET"]}}],"collection":[{"href":"https:\/\/physiologie.envt.fr\/masterpharmaco\/wp-json\/wp\/v2\/pages"}],"about":[{"href":"https:\/\/physiologie.envt.fr\/masterpharmaco\/wp-json\/wp\/v2\/types\/page"}],"author":[{"embeddable":true,"href":"https:\/\/physiologie.envt.fr\/masterpharmaco\/wp-json\/wp\/v2\/users\/1"}],"replies":[{"embeddable":true,"href":"https:\/\/physiologie.envt.fr\/masterpharmaco\/wp-json\/wp\/v2\/comments?post=64"}],"version-history":[{"count":0,"href":"https:\/\/physiologie.envt.fr\/masterpharmaco\/wp-json\/wp\/v2\/pages\/64\/revisions"}],"wp:attachment":[{"href":"https:\/\/physiologie.envt.fr\/masterpharmaco\/wp-json\/wp\/v2\/media?parent=64"}],"curies":[{"name":"wp","href":"https:\/\/api.w.org\/{rel}","templated":true}]}}