{"id":60,"date":"2017-06-02T13:57:07","date_gmt":"2017-06-02T11:57:07","guid":{"rendered":"http:\/\/physiologie.envt.fr\/masterpharmaco\/?page_id=60"},"modified":"2021-12-01T10:42:35","modified_gmt":"2021-12-01T09:42:35","slug":"offres-de-stages-espace-reserve-mise-a-jour-5-novembre2016","status":"publish","type":"page","link":"https:\/\/physiologie.envt.fr\/masterpharmaco\/edito\/offres-de-stages-espace-reserve-mise-a-jour-5-novembre2016\/","title":{"rendered":"Offres de stages (espace r\u00e9serv\u00e9) mise \u00e0\u00a0 jour 1 D\u00e9cembre 2021"},"content":{"rendered":"","protected":true},"excerpt":{"rendered":"","protected":true},"author":1,"featured_media":0,"parent":7,"menu_order":0,"comment_status":"closed","ping_status":"closed","template":"","meta":{"footnotes":""},"class_list":["post-60","page","type-page","status-publish","post-password-required","hentry"],"_links":{"self":[{"href":"https:\/\/physiologie.envt.fr\/masterpharmaco\/wp-json\/wp\/v2\/pages\/60","targetHints":{"allow":["GET"]}}],"collection":[{"href":"https:\/\/physiologie.envt.fr\/masterpharmaco\/wp-json\/wp\/v2\/pages"}],"about":[{"href":"https:\/\/physiologie.envt.fr\/masterpharmaco\/wp-json\/wp\/v2\/types\/page"}],"author":[{"embeddable":true,"href":"https:\/\/physiologie.envt.fr\/masterpharmaco\/wp-json\/wp\/v2\/users\/1"}],"replies":[{"embeddable":true,"href":"https:\/\/physiologie.envt.fr\/masterpharmaco\/wp-json\/wp\/v2\/comments?post=60"}],"version-history":[{"count":58,"href":"https:\/\/physiologie.envt.fr\/masterpharmaco\/wp-json\/wp\/v2\/pages\/60\/revisions"}],"predecessor-version":[{"id":1263,"href":"https:\/\/physiologie.envt.fr\/masterpharmaco\/wp-json\/wp\/v2\/pages\/60\/revisions\/1263"}],"up":[{"embeddable":true,"href":"https:\/\/physiologie.envt.fr\/masterpharmaco\/wp-json\/wp\/v2\/pages\/7"}],"wp:attachment":[{"href":"https:\/\/physiologie.envt.fr\/masterpharmaco\/wp-json\/wp\/v2\/media?parent=60"}],"curies":[{"name":"wp","href":"https:\/\/api.w.org\/{rel}","templated":true}]}}