{"id":52,"date":"2017-06-02T13:54:50","date_gmt":"2017-06-02T11:54:50","guid":{"rendered":"http:\/\/physiologie.envt.fr\/masterpharmaco\/?page_id=52"},"modified":"2022-01-03T14:48:33","modified_gmt":"2022-01-03T13:48:33","slug":"calendrier-2016-2017-mise-a-jour-14-janvier-2017","status":"publish","type":"page","link":"https:\/\/physiologie.envt.fr\/masterpharmaco\/calendrier-2016-2017-mise-a-jour-14-janvier-2017\/","title":{"rendered":"Calendrier 2021-2022 (espace r\u00e9serv\u00e9) mise \u00e0\u00a0 jour 3 janvier"},"content":{"rendered":"","protected":true},"excerpt":{"rendered":"","protected":true},"author":1,"featured_media":0,"parent":0,"menu_order":0,"comment_status":"closed","ping_status":"closed","template":"","meta":{"footnotes":""},"class_list":["post-52","page","type-page","status-publish","post-password-required","hentry"],"_links":{"self":[{"href":"https:\/\/physiologie.envt.fr\/masterpharmaco\/wp-json\/wp\/v2\/pages\/52","targetHints":{"allow":["GET"]}}],"collection":[{"href":"https:\/\/physiologie.envt.fr\/masterpharmaco\/wp-json\/wp\/v2\/pages"}],"about":[{"href":"https:\/\/physiologie.envt.fr\/masterpharmaco\/wp-json\/wp\/v2\/types\/page"}],"author":[{"embeddable":true,"href":"https:\/\/physiologie.envt.fr\/masterpharmaco\/wp-json\/wp\/v2\/users\/1"}],"replies":[{"embeddable":true,"href":"https:\/\/physiologie.envt.fr\/masterpharmaco\/wp-json\/wp\/v2\/comments?post=52"}],"version-history":[{"count":105,"href":"https:\/\/physiologie.envt.fr\/masterpharmaco\/wp-json\/wp\/v2\/pages\/52\/revisions"}],"predecessor-version":[{"id":1291,"href":"https:\/\/physiologie.envt.fr\/masterpharmaco\/wp-json\/wp\/v2\/pages\/52\/revisions\/1291"}],"wp:attachment":[{"href":"https:\/\/physiologie.envt.fr\/masterpharmaco\/wp-json\/wp\/v2\/media?parent=52"}],"curies":[{"name":"wp","href":"https:\/\/api.w.org\/{rel}","templated":true}]}}